ate the remainder when 2664 is divided by 45.
9
Calculate the remainder when 13003 is divided by 501.
478
Calculate the remainder when 16574 is divided by 139.
33
What is the remainder when 42585 is divided by 14?
11
Calculate the remainder when 32807 is divided by 10933.
8
What is the remainder when 41960 is divided by 1897?
226
What is the remainder when 3831 is divided by 55?
36
Calculate the remainder when 384641 is divided by 153.
152
Calculate the remainder when 972 is divided by 440.
92
Calculate the remainder when 8660 is divided by 4328.
4
What is the remainder when 1317 is divided by 122?
97
Calculate the remainder when 9765 is divided by 3255.
0
What is the remainder when 5106 is divided by 150?
6
Calculate the remainder when 9949 is divided by 199.
198
Calculate the remainder when 2697 is divided by 2650.
47
Calculate the remainder when 781737 is divided by 86.
83
Calculate the remainder when 69694 is divided by 87.
7
Calculate the remainder when 272843 is divided by 159.
158
Calculate the remainder when 3131 is divided by 621.
26
What is the remainder when 327636 is divided by 14?
8
Calculate the remainder when 8089 is divided by 540.
529
What is the remainder when 550 is divided by 133?
18
What is the remainder when 212117 is divided by 441?
437
Calculate the remainder when 2374 is divided by 345.
304
What is the remainder when 428848 is divided by 150?
148
What is the remainder when 2263 is divided by 1307?
956
Calculate the remainder when 287511 is divided by 494.
3
What is the remainder when 4676 is divided by 467?
6
What is the remainder when 18185 is divided by 18170?
15
What is the remainder when 25500 is divided by 82?
80
What is the remainder when 4682 is divided by 70?
62
Calculate the remainder when 66461 is divided by 105.
101
Calculate the remainder when 1878 is divided by 92.
38
Calculate the remainder when 3080 is divided by 453.
362
What is the remainder when 185546 is divided by 185528?
18
Calculate the remainder when 37387 is divided by 26.
25
Calculate the remainder when 45378 is divided by 107.
10
Calculate the remainder when 74732 is divided by 37311.
110
Calculate the remainder when 80 is divided by 31.
18
What is the remainder when 236836 is divided by 955?
951
Calculate the remainder when 143163 is divided by 95.
93
Calculate the remainder when 2426 is divided by 552.
218
What is the remainder when 602864 is divided by 835?
829
Calculate the remainder when 990940 is divided by 330309.
13
What is the remainder when 2099 is divided by 705?
689
What is the remainder when 37097 is divided by 142?
35
Calculate the remainder when 4152 is divided by 43.
24
Calculate the remainder when 8454 is divided by 1094.
796
What is the remainder when 1879994 is divided by 195?
194
Calculate the remainder when 73393 is divided by 18334.
57
Calculate the remainder when 5631 is divided by 1832.
135
What is the remainder when 501058 is divided by 210?
208
What is the remainder when 2395 is divided by 628?
511
Calculate the remainder when 542148 is divided by 180712.
12
What is the remainder when 13051 is divided by 1182?
49
What is the remainder when 66851 is divided by 36?
35
What is the remainder when 77154 is divided by 229?
210
What is the remainder when 205203 is divided by 950?
3
What is the remainder when 10368 is divided by 34?
32
Calculate the remainder when 2539 is divided by 14.
5
What is the remainder when 2774 is divided by 25?
24
What is the remainder when 914 is divided by 285?
59
What is the remainder when 22262 is divided by 1014?
968
Calculate the remainder when 375514 is divided by 225.
214
What is the remainder when 2336 is divided by 1146?
44
What is the remainder when 98873 is divided by 146?
31
Calculate the remainder when 1430 is divided by 80.
70
What is the remainder when 1790096 is divided by 27?
23
What is the remainder when 187789 is divided by 46903?
177
What is the remainder when 11377 is divided by 807?
79
What is the remainder when 21377 is divided by 2118?
197
Calculate the remainder when 3437 is divided by 424.
45
What is the remainder when 2414 is divided by 28?
6
Calculate the remainder when 97899 is divided by 21.
18
What is the remainder when 3886 is divided by 969?
10
Calculate the remainder when 14259 is divided by 2036.
7
What is the remainder when 11496 is divided by 803?
254
What is the remainder when 739 is divided by 65?
24
Calculate the remainder when 1746 is divided by 345.
21
What is the remainder when 13256 is divided by 216?
80
What is the remainder when 1262660 is divided by 302?
300
Calculate the remainder when 1522 is divided by 187.
26
Calculate the remainder when 54413 is divided by 77.
51
Calculate the remainder when 67237 is divided by 429.
313
What is the remainder when 239729 is divided by 122?
121
What is the remainder when 200351 is divided by 1083?
1079
What is the remainder when 1921 is divided by 280?
241
Calculate the remainder when 811 is divided by 594.
217
What is the remainder when 370 is divided by 21?
13
Calculate the remainder when 33895 is divided by 789.
757
What is the remainder when 1272370 is divided by 5532?
10
What is the remainder when 28913 is divided by 657?
5
Calculate the remainder when 232 is divided by 89.
54
Calculate the remainder when 28524 is divided by 14216.
92
What is the remainder when 651711 is divided by 25?
11
What is the remainder when 14605 is divided by 366?
331
What is the remainder when 10297 is divided by 3409?
70
Calculate the remainder when 7932 is divided by 208.
28
Calculate the remainder when 44797 is divided by 224.
221
What is the remainder when 6489 is divided by 193?
120
What is the remainder when 2159 is divided by 217?
206
Calculate the remainder when 246224 is divided by 147.
146
What is the remainder when 38433 is divided by 114?
15
What is the remainder when 12987 is divided by 2723?
2095
What is the remainder when 138 is divided by 9?
3
Calculate the remainder when 14006 is divided by 103.
101
Calculate the remainder when 22783 is divided by 63.
40
Calculate the remainder when 2725 is divided by 374.
107
What is the remainder when 25663 is divided by 17?
10
Calculate the remainder when 2192 is divided by 1024.
144
What is the remainder when 20615 is divided by 2061?
5
What is the remainder when 5367 is divided by 766?
5
Calculate the remainder when 60994 is divided by 169.
154
What is the remainder when 28373 is divided by 692?
1
What is the remainder when 6352 is divided by 102?
28
What is the remainder when 97369 is divided by 31?
29
What is the remainder when 3046 is divided by 206?
162
What is the remainder when 31039 is divided by 79?
71
What is the remainder when 1268 is divided by 1265?
3
Calculate the remainder when 8897 is divided by 545.
177
What is the remainder when 3225 is divided by 203?
180
What is the remainder when 325665 is divided by 80?
65
Calculate the remainder when 80594 is divided by 8.
2
What is the remainder when 1416 is divided by 121?
85
Calculate the remainder when 301513 is divided by 1579.
1503
What is the remainder when 3214 is divided by 3133?
81
What is the remainder when 67036 is divided by 46?
14
Calculate the remainder when 389035 is divided by 32.
11
What is the remainder when 24490 is divided by 169?
154
Calculate the remainder when 2647 is divided by 1273.
101
What is the remainder when 68915 is divided by 956?
83
Calculate the remainder when 386773 is divided by 128923.
4
What is the remainder when 24649 is divided by 12313?
23
What is the remainder when 6368 is divided by 6?
2
What is the remainder when 9968 is divided by 273?
140
What is the remainder when 45414 is divided by 3?
0
What is the remainder when 2909 is divided by 286?
49
Calculate the remainder when 19960 is divided by 4.
0
Calculate the remainder when 29339 is divided by 5865.
14
Calculate the remainder when 16901 is divided by 161.
157
Calculate the remainder when 35327 is divided by 35327.
0
Calculate the remainder when 70879 is divided by 40.
39
Calculate the remainder when 1182 is divided by 171.
156
Calculate the remainder when 2693 is divided by 293.
56
Calculate the remainder when 277 is divided by 170.
107
What is the remainder when 1459 is divided by 34?
31
What is the remainder when 1488446 